{"id":86,"date":"2021-06-24T17:31:35","date_gmt":"2021-06-24T17:31:35","guid":{"rendered":"https:\/\/www.missemisterpirassununga.com.br\/site\/?page_id=86"},"modified":"2023-03-22T16:20:36","modified_gmt":"2023-03-22T19:20:36","slug":"mecanica","status":"publish","type":"page","link":"https:\/\/www.missemisterpirassununga.com.br\/site\/mecanica\/","title":{"rendered":"Mec\u00e2nica"},"content":{"rendered":"<h2>Mec\u00e2nica<\/h2>\n<p>A campanha de divulga\u00e7\u00e3o e inscri\u00e7\u00f5es tem aproximadamente 4 \u00e0 5 meses de dura\u00e7\u00e3o, onde os inscritos interessados entram em uma vota\u00e7\u00e3o on-line no facebook, promovendo sua participa\u00e7\u00e3o no concurso e disputando o pr\u00eamio popularidade internet, entregue ao dono da foto mais curtida; Ao fim da campanha, os selecionados s\u00e3o escolhidos por uma equipe t\u00e9cnica para participar de um desfile de apresenta\u00e7\u00e3o em traje de gala, banho (conforme a idade) e fitness, para amigos, familiares e um grupo de jurados na disputa do t\u00edtulo principal de beleza.<\/p>\n<p>&nbsp;<\/p>\n<div style=\"text-align: left;\"><\/div>\n","protected":false},"excerpt":{"rendered":"<p>Mec\u00e2nica A campanha de divulga\u00e7\u00e3o e inscri\u00e7\u00f5es tem aproximadamente 4 \u00e0 5 meses de dura\u00e7\u00e3o, onde os inscritos interessados entram em uma vota\u00e7\u00e3o on-line no facebook, promovendo sua participa\u00e7\u00e3o no concurso e disputando o pr\u00eamio popularidade internet, entregue ao dono da foto mais curtida; Ao fim da campanha, os selecionados s\u00e3o escolhidos por uma equipe [&hellip;]<\/p>\n","protected":false},"author":1,"featured_media":0,"parent":0,"menu_order":0,"comment_status":"closed","ping_status":"closed","template":"page-full.php","meta":{"h5ap_radio_sources":[],"footnotes":""},"class_list":["post-86","page","type-page","status-publish","hentry"],"_links":{"self":[{"href":"https:\/\/www.missemisterpirassununga.com.br\/site\/wp-json\/wp\/v2\/pages\/86","targetHints":{"allow":["GET"]}}],"collection":[{"href":"https:\/\/www.missemisterpirassununga.com.br\/site\/wp-json\/wp\/v2\/pages"}],"about":[{"href":"https:\/\/www.missemisterpirassununga.com.br\/site\/wp-json\/wp\/v2\/types\/page"}],"author":[{"embeddable":true,"href":"https:\/\/www.missemisterpirassununga.com.br\/site\/wp-json\/wp\/v2\/users\/1"}],"replies":[{"embeddable":true,"href":"https:\/\/www.missemisterpirassununga.com.br\/site\/wp-json\/wp\/v2\/comments?post=86"}],"version-history":[{"count":4,"href":"https:\/\/www.missemisterpirassununga.com.br\/site\/wp-json\/wp\/v2\/pages\/86\/revisions"}],"predecessor-version":[{"id":352,"href":"https:\/\/www.missemisterpirassununga.com.br\/site\/wp-json\/wp\/v2\/pages\/86\/revisions\/352"}],"wp:attachment":[{"href":"https:\/\/www.missemisterpirassununga.com.br\/site\/wp-json\/wp\/v2\/media?parent=86"}],"curies":[{"name":"wp","href":"https:\/\/api.w.org\/{rel}","templated":true}]}}