{"id":85,"date":"2021-06-24T17:31:43","date_gmt":"2021-06-24T17:31:43","guid":{"rendered":"https:\/\/www.missemisterpirassununga.com.br\/site\/?page_id=85"},"modified":"2023-03-16T13:24:38","modified_gmt":"2023-03-16T16:24:38","slug":"o-que-e","status":"publish","type":"page","link":"https:\/\/www.missemisterpirassununga.com.br\/site\/o-que-e\/","title":{"rendered":"O que \u00e9"},"content":{"rendered":"<h2>O que \u00e9<\/h2>\n<p>Realizado desde 2015, o Miss &amp; Mister Pirassununga \u00e9 um certame municipal de beleza, vinculado aos mais renomados e tradicionais concursos estaduais e nacionais, preparando candidatos para serem eleitos representantes da beleza Pirassununguense e regional nas categorias infantil (mirim, infantil e juvenil), teen, adulto, plus size, melhor idade (acima de 60 anos) e beleza regional, que ir\u00e3o representar a cidade e regi\u00e3o na etapa Miss e Mister Estado de S\u00e3o Paulo.<\/p>\n","protected":false},"excerpt":{"rendered":"<p>O que \u00e9 Realizado desde 2015, o Miss &amp; Mister Pirassununga \u00e9 um certame municipal de beleza, vinculado aos mais renomados e tradicionais concursos estaduais e nacionais, preparando candidatos para serem eleitos representantes da beleza Pirassununguense e regional nas categorias infantil (mirim, infantil e juvenil), teen, adulto, plus size, melhor idade (acima de 60 anos) [&hellip;]<\/p>\n","protected":false},"author":1,"featured_media":0,"parent":0,"menu_order":0,"comment_status":"closed","ping_status":"closed","template":"page-full.php","meta":{"h5ap_radio_sources":[],"footnotes":""},"class_list":["post-85","page","type-page","status-publish","hentry"],"_links":{"self":[{"href":"https:\/\/www.missemisterpirassununga.com.br\/site\/wp-json\/wp\/v2\/pages\/85","targetHints":{"allow":["GET"]}}],"collection":[{"href":"https:\/\/www.missemisterpirassununga.com.br\/site\/wp-json\/wp\/v2\/pages"}],"about":[{"href":"https:\/\/www.missemisterpirassununga.com.br\/site\/wp-json\/wp\/v2\/types\/page"}],"author":[{"embeddable":true,"href":"https:\/\/www.missemisterpirassununga.com.br\/site\/wp-json\/wp\/v2\/users\/1"}],"replies":[{"embeddable":true,"href":"https:\/\/www.missemisterpirassununga.com.br\/site\/wp-json\/wp\/v2\/comments?post=85"}],"version-history":[{"count":4,"href":"https:\/\/www.missemisterpirassununga.com.br\/site\/wp-json\/wp\/v2\/pages\/85\/revisions"}],"predecessor-version":[{"id":230,"href":"https:\/\/www.missemisterpirassununga.com.br\/site\/wp-json\/wp\/v2\/pages\/85\/revisions\/230"}],"wp:attachment":[{"href":"https:\/\/www.missemisterpirassununga.com.br\/site\/wp-json\/wp\/v2\/media?parent=85"}],"curies":[{"name":"wp","href":"https:\/\/api.w.org\/{rel}","templated":true}]}}